8, 4 = k - 2*u. Suppose -3*l = -7*l + k. What is the units digit of l?
3
Suppose 2*p = -2*p. Let a = p + 10. What is the tens digit of 3/(-18)*a*-9?
1
Suppose -2*l - 10 = -4*l. Suppose l*q + 852 = 11*q. What is the units digit of q?
2
Suppose -29 = 4*x + g - 144, 2*g = 6. Let c = -24 + x. Suppose -86 = -3*z - 4*a, -c*z + 4*a = -139 - 13. What is the units digit of z?
4
Let u(f) = 8*f + 90. Let w be u(-12). Let j = -12 + 3. What is the units digit of 340/15*j/w?
4
Let w(j) = 8*j + 3. Suppose -2*d + 6*d - 8 = 0. Suppose -q + 13 + 6 = 4*k, 2*q - d = k. What is the tens digit of w(q)?
2
Suppose 16 - 6 = 2*o. Let b(p) = -2*p**3 + 7*p**2 + p + 4. Let d(f) = 3*f**3 - 13*f**2 - 2*f - 9. Let c(h) = o*b(h) + 3*d(h). What is the tens digit of c(-5)?
2
Suppose 0 = -2*i + 2*s + 56, 2*i = -s - 3*s + 32. Suppose w + 4*v = i, -4*w - 2*v = 3*v - 74. What is the tens digit of w?
1
Let d be (2 - -5) + 2 + -5. Suppose -d*k - 8 = -3*k. Let a = k - -9. What is the units digit of a?
1
Suppose 2*j = -0*j + 4*p - 664, 0 = -2*p. Let l = 520 + j. What is the units digit of l?
8
Let x(f) = -3*f - 6. Let u(b) = 77 - b - 77. Let h(w) = -2*u(w) - x(w). What is the units digit of h(3)?
1
Let t = -2022 - -2874. What is the units digit of t?
2
Suppose 10*c + 18 = -2. What is the tens digit of (-5 - c - 135)*-1?
3
Let x = -1573 + 2361. What is the tens digit of x?
8
Let u = 27 + -24. Suppose 0 = -u*v + 5*m + 67, 2*v + m = 2*m + 47. What is the units digit of v?
4
Let a(i) = -i**3 - i - 6. Let t be a(-2). Suppose -4*s + 504 = -0*s - t*m, -5*s + m + 610 = 0. What is the tens digit of s?
2
Let q(h) = -6*h - 6*h + 4*h + 1. Let v be q(-1). What is the units digit of 87/v + (-2)/3?
9
Let i(s) = 2*s**2 + 12*s - 22. What is the hundreds digit of i(11)?
3
Suppose -3*a - 2*g + 1410 = 0, -2*a - 22*g + 26*g = -924. What is the units digit of a?
8
Let b(i) = -309*i + 52. What is the hundreds digit of b(-3)?
9
Suppose -j - 1 = 3*p, -4 + 0 = 2*p. Suppose -j*l - 4*v + 23 = -0*l, -3*v - 6 = -4*l. What is the units digit of (-7)/(42/(-44))*l?
2
Suppose 4*n = 4, 0*q + 4*q = -5*n + 19233. What is the thousands digit of q?
4
Let a(j) = -j**2 + 7*j - 8. Let n(f) = 3*f**2 - 13*f + 17. Let y(w) = 5*a(w) + 2*n(w). Let c be y(-10). What is the tens digit of 2/c*0 + 17?
1
Let q = -57 + 578. What is the units digit of q?
1
What is the units digit of -24*((-2835)/14)/3?
0
Let f(h) = 5*h**2 + 173*h + 50. What is the hundreds digit of f(-35)?
1
Suppose 15*s - 116 = 19*s. Let a = 57 + s. What is the units digit of a?
8
Let n(x) = -3 + 3 + 2 + 0 + 4*x. Let d be n(2). Suppose 105 - d = 5*l. What is the units digit of l?
9
Suppose 3*q - 25015 = -5*c, -13*c - 5*q - 5031 = -14*c. What is the thousands digit of c?
5
Suppose -3*i = 22 - 328. What is the tens digit of i?
0
Let p(s) = s**3 + 18*s**2 + 16*s - 19. Let o be p(-17). Let n(q) = -14*q - 8. What is the units digit of n(o)?
0
Suppose -2*n - 35 + 254 = 3*a, 0 = -2*n - 5*a + 209. What is the hundreds digit of n?
1
Let r(y) = y**3 - y**2 - 25*y + 151. What is the hundreds digit of r(13)?
8
Let p = -134 - -79. Suppose 111 = -0*g + g. Let m = g + p. What is the units digit of m?
6
Let n = 14 - 20. Let w be (10 - -2)/(n/9). Let s = 40 + w. What is the units digit of s?
2
Let a = 0 - -5. Suppose -a*c + 193 + 2 = 0. What is the tens digit of c?
3
Let g(p) = 9*p + 10. Let j(m) = 28*m + 30. Let r(u) = 17*g(u) - 6*j(u). What is the tens digit of r(-2)?
2
Let m(r) = 52*r**3 + 2*r**2 - 2*r + 8. What is the thousands digit of m(3)?
1
Suppose -5*i + 15 - 5 = 0. Let k(x) = -1 - 4*x + 8 + x + i + 2*x**2. What is the units digit of k(6)?
3
Let o = -760 - -1438. What is the hundreds digit of o?
6
Suppose 3*k - 7*k + 2*w = 0, 0 = 5*k - w - 6. Let r be k/(-8) + (-7)/(-28). Suppose r = 2*g - 20 - 24. What is the tens digit of g?
2
Let j(l) = -2*l**3 - l**2 - 2*l - 1. Let t be j(-1). Suppose -5*i = -g + 24, -t*g - 2*i = -0*g - 12. What is the units digit of g?
9
Let w(r) = 11*r + 5 - r**2 + 0*r + 4*r. What is the tens digit of w(8)?
6
Let i(y) = -y + 3. Let a be i(-1). Suppose -6*c + 7*c - 5*t + 1 = 0, 3*t - 93 = 5*c. What is the units digit of (a - c - 4)/1?
1
Let s(z) = 3*z**3 - 5*z**2 - 10*z + 34. What is the tens digit of s(7)?
4
Let c(o) = -2*o**2 + 14*o. Let u be c(7). Suppose -3*h + 161 = -q + 3*q, u = 2*q - 2*h - 136. What is the tens digit of q?
7
Let k be (-2)/4*0/(-4). Suppose k = 2*v - 10 + 2. What is the units digit of v/(-14) - (-408)/56?
7
Suppose 2*a - 1 = 439. Let o = -149 + a. What is the tens digit of o?
7
Let j(i) = -5*i**2 - 7*i - 6. Let y be j(-4). Let q = 28 - 68. Let r = q - y. What is the units digit of r?
8
Suppose 0 = -26*n + 20*n + 708. What is the tens digit of n?
1
Let w(x) = x**3 + 8*x**2 + 5*x - 9. Let d be w(-7). Suppose -20 = -0*a + 5*a + d*r, 16 = 4*a - 4*r. Suppose 5*v - 14 - 1 = a. What is the units digit of v?
3
Let w be (-6)/(-4)*(5 - 3). Suppose 0*n + 3 = 2*r + n, r = -w*n - 11. Suppose 0 = -4*q - 2*u + 64, 3*q = q - r*u + 38. What is the tens digit of q?
1
What is the hundreds digit of (-2)/(-15) - (-7 - (-20772)/(-135))?
1
Let j be ((-1)/4)/(1/(-124)). Let t = 121 + j. What is the tens digit of t?
5
Let z = 6114 + -3336. What is the thousands digit of z?
2
Suppose 18*h - 3504 = 6*h. What is the units digit of h?
2
Suppose 115 - 371 = -2*t. Suppose 4*w = 8*w - t. Suppose w = 3*r - 58. What is the tens digit of r?
3
What is the hundreds digit of 5125 + 20/10 - -9?
1
Suppose 3*h - 33*z = -37*z + 5930, 4*h - 7914 = 2*z. What is the tens digit of h?
7
Let x be 3 + (-6)/4*-2. Suppose 0*t - t = -x. Suppose 120 = t*w - w. What is the units digit of w?
4
What is the tens digit of (-54)/5*((-85)/17 - 0)?
5
Suppose 5*o + 3490 = 5*f, -8*f = -3*f + o - 3508. What is the hundreds digit of f?
7
Let f(u) be the third derivative of 5*u**4/24 - u**3 + 21*u**2. Suppose -3*v - 5*c + 10 = 0, c - 6*c - 10 = -v. What is the tens digit of f(v)?
1
Suppose 18*q - 7795 = -4*c + 19*q, 1945 = c - 4*q. What is the hundreds digit of c?
9
Let a = -6 - -18. Let r = -11 + a. Let v = 23 + r. What is the units digit of v?
4
Let s(h) = 6802*h - 185. What is the hundreds digit of s(1)?
6
Let d be 2 - ((-96)/(-4) - 2). Let h = -16 - d. Suppose h*r - r - 66 = 0. What is the tens digit of r?
2
Suppose -b - b = -2*r - 298, 0 = 2*b + 2*r - 318. What is the units digit of b?
4
What is the units digit of ((-4)/(-6))/((-14)/(-13587))?
7
Suppose 2*t - 204 = -0*t. Suppose -4*g = 2*z - t, 5*g - 12 = 2*z - 123. What is the tens digit of z?
5
Let q(z) = z**3 + 10*z**2 + z - 13. Suppose -t - 2*b = t + 24, 2*t = 3*b - 9. What is the tens digit of q(t)?
5
What is the tens digit of (-6 + 10 + -6)*(-1250)/4?
2
Let p(t) = 3*t**3 - t**2 + 2*t - 36. What is the units digit of p(4)?
8
Let k be -165*(1 + (-4)/3). Suppose -p - 22 = -b + 2*p, 3*p = -b - 8. Suppose b*w - 2*w - k = 0. What is the units digit of w?
1
Suppose -292 = 4*k + 128. Let c = k + 369. What is the tens digit of c?
6
Suppose -5*k + 10 = -0*k. Suppose -k*j - 3*m + 23 = 0, 3*j - 37 = -3*m - 2*m. What is the units digit of ((-6)/j)/(15/(-500))?
0
Let a = -668 + 403. Let s = -157 - a. Suppose j = 4*j - s. What is the tens digit of j?
3
Let k(v) = v**3 + 15*v**2 + 17*v - 11. What is the hundreds digit of k(-13)?
1
Suppose -3*s - 37 = -2*f - 0*f, -5*s - 100 = -5*f. Suppose -22 = -5*t + f. Let u = 12 - t. What is the units digit of u?
3
Let l be (3/(-3) - 0)*-1. Let c be (l - 1)/(10 + -8). Suppose 2*g - 6*g + 64 = c. What is the tens digit of g?
1
Let j(m) = m**2 - 2. Let a(t) = 6*t**2 + 3*t - 6. Let i(s) = a(s) - 5*j(s). Let p = -1 + -1. What is the units digit of i(p)?
2
Let n(o) = -o - 3. Let w be n(-15). Let a = 21 + w. What is the units digit of a?
3
Let h = 1206 - 836. What is the hundreds digit of h?
3
Let g = 50 + -106. Let h be 1302/g + (-3)/4. What is the units digit of -3*(-4)/h*-10?
5
Let s(z) = -5*z - 27. Let f be s(-7). Let y = 29 + f. What is the tens digit of y?
3
Let d(l) = l + 2. Let a be d(8). Suppose -2*g + a = -2. What is the units digit of (g/4)/((-3)/(-26))?
3
Let m(f) = -f**2 - 7*f + 1. Let h be m(-7). Suppose t + h = -2. Let i = t - -7. What is the units digit of i?
4
What is the hundreds digit of (19/3)/((-1)/(-102))?
6
Let w be 1/(3 - (-10)/(-4)). Suppose 0 = -w*q - 2*q + 144. What is the units digit of q?
6